
{"id":347,"date":"2017-08-03T17:05:44","date_gmt":"2017-08-03T15:05:44","guid":{"rendered":"http:\/\/gobe.rompat.ch\/?page_id=347"},"modified":"2024-12-13T10:48:08","modified_gmt":"2024-12-13T09:48:08","slug":"huppe","status":"publish","type":"page","link":"https:\/\/chouette-gobe.ch\/?page_id=347","title":{"rendered":"Huppe fasci\u00e9e &#8211; 347"},"content":{"rendered":"<p>[et_pb_section fb_built=\u00a0\u00bb1&Prime; _builder_version=\u00a0\u00bb4.16&Prime; global_colors_info=\u00a0\u00bb{}\u00a0\u00bb][et_pb_row _builder_version=\u00a0\u00bb4.16&Prime; background_size=\u00a0\u00bbinitial\u00a0\u00bb background_position=\u00a0\u00bbtop_left\u00a0\u00bb background_repeat=\u00a0\u00bbrepeat\u00a0\u00bb global_colors_info=\u00a0\u00bb{}\u00a0\u00bb][et_pb_column type=\u00a0\u00bb4_4&Prime; _builder_version=\u00a0\u00bb4.16&Prime; custom_padding=\u00a0\u00bb|||\u00a0\u00bb global_colors_info=\u00a0\u00bb{}\u00a0\u00bb custom_padding__hover=\u00a0\u00bb|||\u00a0\u00bb][et_pb_text admin_label=\u00a0\u00bbTexte &#8211; titre\u00a0\u00bb _builder_version=\u00a0\u00bb4.27.4&Prime; z_index_tablet=\u00a0\u00bb500&Prime; text_text_shadow_horizontal_length_tablet=\u00a0\u00bb0px\u00a0\u00bb text_text_shadow_vertical_length_tablet=\u00a0\u00bb0px\u00a0\u00bb text_text_shadow_blur_strength_tablet=\u00a0\u00bb1px\u00a0\u00bb link_text_shadow_horizontal_length_tablet=\u00a0\u00bb0px\u00a0\u00bb link_text_shadow_vertical_length_tablet=\u00a0\u00bb0px\u00a0\u00bb link_text_shadow_blur_strength_tablet=\u00a0\u00bb1px\u00a0\u00bb ul_text_shadow_horizontal_length_tablet=\u00a0\u00bb0px\u00a0\u00bb ul_text_shadow_vertical_length_tablet=\u00a0\u00bb0px\u00a0\u00bb ul_text_shadow_blur_strength_tablet=\u00a0\u00bb1px\u00a0\u00bb ol_text_shadow_horizontal_length_tablet=\u00a0\u00bb0px\u00a0\u00bb ol_text_shadow_vertical_length_tablet=\u00a0\u00bb0px\u00a0\u00bb ol_text_shadow_blur_strength_tablet=\u00a0\u00bb1px\u00a0\u00bb quote_text_shadow_horizontal_length_tablet=\u00a0\u00bb0px\u00a0\u00bb quote_text_shadow_vertical_length_tablet=\u00a0\u00bb0px\u00a0\u00bb quote_text_shadow_blur_strength_tablet=\u00a0\u00bb1px\u00a0\u00bb header_text_shadow_horizontal_length_tablet=\u00a0\u00bb0px\u00a0\u00bb header_text_shadow_vertical_length_tablet=\u00a0\u00bb0px\u00a0\u00bb header_text_shadow_blur_strength_tablet=\u00a0\u00bb1px\u00a0\u00bb header_2_text_shadow_horizontal_length_tablet=\u00a0\u00bb0px\u00a0\u00bb header_2_text_shadow_vertical_length_tablet=\u00a0\u00bb0px\u00a0\u00bb header_2_text_shadow_blur_strength_tablet=\u00a0\u00bb1px\u00a0\u00bb header_3_text_shadow_horizontal_length_tablet=\u00a0\u00bb0px\u00a0\u00bb header_3_text_shadow_vertical_length_tablet=\u00a0\u00bb0px\u00a0\u00bb header_3_text_shadow_blur_strength_tablet=\u00a0\u00bb1px\u00a0\u00bb header_4_text_shadow_horizontal_length_tablet=\u00a0\u00bb0px\u00a0\u00bb header_4_text_shadow_vertical_length_tablet=\u00a0\u00bb0px\u00a0\u00bb header_4_text_shadow_blur_strength_tablet=\u00a0\u00bb1px\u00a0\u00bb header_5_text_shadow_horizontal_length_tablet=\u00a0\u00bb0px\u00a0\u00bb header_5_text_shadow_vertical_length_tablet=\u00a0\u00bb0px\u00a0\u00bb header_5_text_shadow_blur_strength_tablet=\u00a0\u00bb1px\u00a0\u00bb header_6_text_shadow_horizontal_length_tablet=\u00a0\u00bb0px\u00a0\u00bb header_6_text_shadow_vertical_length_tablet=\u00a0\u00bb0px\u00a0\u00bb header_6_text_shadow_blur_strength_tablet=\u00a0\u00bb1px\u00a0\u00bb box_shadow_horizontal_tablet=\u00a0\u00bb0px\u00a0\u00bb box_shadow_vertical_tablet=\u00a0\u00bb0px\u00a0\u00bb box_shadow_blur_tablet=\u00a0\u00bb40px\u00a0\u00bb box_shadow_spread_tablet=\u00a0\u00bb0px\u00a0\u00bb global_colors_info=\u00a0\u00bb{}\u00a0\u00bb]<\/p>\n<h2>La Huppe fasci\u00e9e<\/h2>\n<p><em>Upupa epops<\/em><\/p>\n<p>&nbsp;<\/p>\n<p>[\/et_pb_text][\/et_pb_column][\/et_pb_row][et_pb_row column_structure=\u00a0\u00bb3_5,2_5&Prime; _builder_version=\u00a0\u00bb4.27.4&Prime; _module_preset=\u00a0\u00bbdefault\u00a0\u00bb global_colors_info=\u00a0\u00bb{}\u00a0\u00bb][et_pb_column type=\u00a0\u00bb3_5&Prime; _builder_version=\u00a0\u00bb4.27.4&Prime; _module_preset=\u00a0\u00bbdefault\u00a0\u00bb global_colors_info=\u00a0\u00bb{}\u00a0\u00bb][et_pb_text _builder_version=\u00a0\u00bb4.27.4&Prime; z_index_tablet=\u00a0\u00bb500&Prime; text_text_shadow_horizontal_length_tablet=\u00a0\u00bb0px\u00a0\u00bb text_text_shadow_vertical_length_tablet=\u00a0\u00bb0px\u00a0\u00bb text_text_shadow_blur_strength_tablet=\u00a0\u00bb1px\u00a0\u00bb link_text_shadow_horizontal_length_tablet=\u00a0\u00bb0px\u00a0\u00bb link_text_shadow_vertical_length_tablet=\u00a0\u00bb0px\u00a0\u00bb link_text_shadow_blur_strength_tablet=\u00a0\u00bb1px\u00a0\u00bb ul_text_shadow_horizontal_length_tablet=\u00a0\u00bb0px\u00a0\u00bb ul_text_shadow_vertical_length_tablet=\u00a0\u00bb0px\u00a0\u00bb ul_text_shadow_blur_strength_tablet=\u00a0\u00bb1px\u00a0\u00bb ol_text_shadow_horizontal_length_tablet=\u00a0\u00bb0px\u00a0\u00bb ol_text_shadow_vertical_length_tablet=\u00a0\u00bb0px\u00a0\u00bb ol_text_shadow_blur_strength_tablet=\u00a0\u00bb1px\u00a0\u00bb quote_text_shadow_horizontal_length_tablet=\u00a0\u00bb0px\u00a0\u00bb quote_text_shadow_vertical_length_tablet=\u00a0\u00bb0px\u00a0\u00bb quote_text_shadow_blur_strength_tablet=\u00a0\u00bb1px\u00a0\u00bb header_text_shadow_horizontal_length_tablet=\u00a0\u00bb0px\u00a0\u00bb header_text_shadow_vertical_length_tablet=\u00a0\u00bb0px\u00a0\u00bb header_text_shadow_blur_strength_tablet=\u00a0\u00bb1px\u00a0\u00bb header_2_text_shadow_horizontal_length_tablet=\u00a0\u00bb0px\u00a0\u00bb header_2_text_shadow_vertical_length_tablet=\u00a0\u00bb0px\u00a0\u00bb header_2_text_shadow_blur_strength_tablet=\u00a0\u00bb1px\u00a0\u00bb header_3_text_shadow_horizontal_length_tablet=\u00a0\u00bb0px\u00a0\u00bb header_3_text_shadow_vertical_length_tablet=\u00a0\u00bb0px\u00a0\u00bb header_3_text_shadow_blur_strength_tablet=\u00a0\u00bb1px\u00a0\u00bb header_4_text_shadow_horizontal_length_tablet=\u00a0\u00bb0px\u00a0\u00bb header_4_text_shadow_vertical_length_tablet=\u00a0\u00bb0px\u00a0\u00bb header_4_text_shadow_blur_strength_tablet=\u00a0\u00bb1px\u00a0\u00bb header_5_text_shadow_horizontal_length_tablet=\u00a0\u00bb0px\u00a0\u00bb header_5_text_shadow_vertical_length_tablet=\u00a0\u00bb0px\u00a0\u00bb header_5_text_shadow_blur_strength_tablet=\u00a0\u00bb1px\u00a0\u00bb header_6_text_shadow_horizontal_length_tablet=\u00a0\u00bb0px\u00a0\u00bb header_6_text_shadow_vertical_length_tablet=\u00a0\u00bb0px\u00a0\u00bb header_6_text_shadow_blur_strength_tablet=\u00a0\u00bb1px\u00a0\u00bb box_shadow_horizontal_tablet=\u00a0\u00bb0px\u00a0\u00bb box_shadow_vertical_tablet=\u00a0\u00bb0px\u00a0\u00bb box_shadow_blur_tablet=\u00a0\u00bb40px\u00a0\u00bb box_shadow_spread_tablet=\u00a0\u00bb0px\u00a0\u00bb global_colors_info=\u00a0\u00bb{}\u00a0\u00bb]<\/p>\n<p>Depuis 2007, la Huppe fasci\u00e9e fait l\u2019objet d\u2019un programme de conservation lanc\u00e9 par le GOBE, ainsi que d\u2019un suivi d\u00e9taill\u00e9 dans les vignobles du Nord vaudois.<\/p>\n<p>Disparue de la r\u00e9gion d\u00e8s le milieu du XX\u00e8me si\u00e8cle, l\u2019esp\u00e8ce est revenue naturellement nicher en 2008 avec une premi\u00e8re tentative de nidification, h\u00e9las avort\u00e9e.<\/p>\n<p>Il a ensuite fallu attendre 2011 pour voir une premi\u00e8re nidification r\u00e9ussie.<\/p>\n<p>Depuis, l\u2019esp\u00e8ce s\u2019est reproduite presque chaque ann\u00e9e dans la r\u00e9gion, toujours inf\u00e9od\u00e9e aux vignobles qui constituent son habitat de pr\u00e9dilection.<\/p>\n<p>Elle a notamment \u00e9t\u00e9 favoris\u00e9e par l\u2019am\u00e9lioration des pratiques viticoles, comme l\u2019enherbement des vignes et leur fauche altern\u00e9e. Ces pratiques \u00e9taient peu communes il y a encore quelques ann\u00e9es et se sont progressivement g\u00e9n\u00e9ralis\u00e9es.<\/p>\n<p>[\/et_pb_text][\/et_pb_column][et_pb_column type=\u00a0\u00bb2_5&Prime; _builder_version=\u00a0\u00bb4.27.4&Prime; _module_preset=\u00a0\u00bbdefault\u00a0\u00bb global_colors_info=\u00a0\u00bb{}\u00a0\u00bb][et_pb_text admin_label=\u00a0\u00bbTexte pour image et l\u00e9gende\u00a0\u00bb _builder_version=\u00a0\u00bb4.27.4&Prime; _module_preset=\u00a0\u00bbdefault\u00a0\u00bb global_colors_info=\u00a0\u00bb{}\u00a0\u00bb]<div id=\"attachment_39315\" style=\"width: 310px\" class=\"wp-caption aligncenter\"><img loading=\"lazy\" decoding=\"async\" aria-describedby=\"caption-attachment-39315\" class=\"wp-image-39315 size-medium\" src=\"https:\/\/chouette-gobe.ch\/wp-content\/uploads\/2024\/12\/copyright_JeanLouZimmermann-300x161.jpg\" alt=\"\" width=\"300\" height=\"161\" \/><p id=\"caption-attachment-39315\" class=\"wp-caption-text\">Le couple est bagu\u00e9 a\u0300 droite, N\u00b0 764692 et 764696. L&rsquo;individu 764692 a une longue plume sans tache en fin de huppe.<\/p><\/div>[\/et_pb_text][\/et_pb_column][\/et_pb_row][et_pb_row column_structure=\u00a0\u00bb3_4,1_4&Prime; _builder_version=\u00a0\u00bb4.27.4&Prime; _module_preset=\u00a0\u00bbdefault\u00a0\u00bb global_colors_info=\u00a0\u00bb{}\u00a0\u00bb][et_pb_column type=\u00a0\u00bb3_4&Prime; _builder_version=\u00a0\u00bb4.27.4&Prime; _module_preset=\u00a0\u00bbdefault\u00a0\u00bb global_colors_info=\u00a0\u00bb{}\u00a0\u00bb][et_pb_text _builder_version=\u00a0\u00bb4.27.4&Prime; _module_preset=\u00a0\u00bbdefault\u00a0\u00bb global_colors_info=\u00a0\u00bb{}\u00a0\u00bb]<\/p>\n<p>Environ 100 nichoirs visant \u00e0 favoriser la nidification de l\u2019esp\u00e8ce ont \u00e9t\u00e9 install\u00e9s, sur des arbres, dans des cabanons de vigne, dans des murs en pierres s\u00e8ches et finalement dans des composts artificiels.<\/p>\n<p>Plusieurs mesures d\u2019am\u00e9lioration de l\u2019habitat de la huppe ont \u00e9galement \u00e9t\u00e9 mises en place\u00a0:<\/p>\n<ul>\n<li>plantation d\u2019arbres fruitiers<\/li>\n<li>haies et saules t\u00eatards<\/li>\n<li>cr\u00e9ation de murgiers<\/li>\n<\/ul>\n<p>Pour finir, les vignerons ont \u00e9t\u00e9 sensibilis\u00e9s \u00e0 poser correctement les filets de protection du raisin afin d\u2019\u00e9viter qu\u2019ils puissent pi\u00e9ger des huppes avant leur d\u00e9part en migration.<\/p>\n<p>[\/et_pb_text][et_pb_text admin_label=\u00a0\u00bbTexte pour Tableau d&rsquo;images\u00a0\u00bb _builder_version=\u00a0\u00bb4.27.4&Prime; _module_preset=\u00a0\u00bbdefault\u00a0\u00bb global_colors_info=\u00a0\u00bb{}\u00a0\u00bb]<\/p>\n<p style=\"text-align: center;\">\n<table id=\"tablepress-20\" class=\"tablepress tablepress-id-20\">\n<tbody>\n<tr class=\"row-1\">\n\t<td class=\"column-1\"><div id=\"attachment_39338\" style=\"width: 310px\" class=\"wp-caption alignnone\"><img loading=\"lazy\" decoding=\"async\" aria-describedby=\"caption-attachment-39338\" class=\"wp-image-39338 size-medium\" src=\"https:\/\/chouette-gobe.ch\/wp-content\/uploads\/2024\/12\/DSC_4362-300x199.jpg\" alt=\"\" width=\"270\" height=\"199\" \/><p id=\"caption-attachment-39338\" class=\"wp-caption-text\">Construction d'un nichoir<\/p><\/div><\/td><td class=\"column-2\"><div id=\"attachment_39349\" style=\"width: 310px\" class=\"wp-caption aligncenter\"><img loading=\"lazy\" decoding=\"async\" aria-describedby=\"caption-attachment-39349\" class=\"wp-image-39349 size-medium\" src=\"https:\/\/chouette-gobe.ch\/wp-content\/uploads\/2024\/12\/IMG_6517-300x225.jpg\" alt=\"\" width=\"270\" height=\"225\" \/><p id=\"caption-attachment-39349\" class=\"wp-caption-text\">Int\u00e9gration r\u00e9ussie<\/p><\/div><\/td><td class=\"column-3\"><div id=\"attachment_39342\" style=\"width: 310px\" class=\"wp-caption alignnone\"><img loading=\"lazy\" decoding=\"async\" aria-describedby=\"caption-attachment-39342\" class=\"wp-image-39342 size-medium\" src=\"https:\/\/chouette-gobe.ch\/wp-content\/uploads\/2024\/12\/IMG_1915-300x225.jpg\" alt=\"\" width=\"270\" height=\"225\" \/><p id=\"caption-attachment-39342\" class=\"wp-caption-text\">Nichoir compost<\/p><\/div><\/td>\n<\/tr>\n<\/tbody>\n<\/table>\n<!-- #tablepress-20 from cache --><\/p>\n<p>[\/et_pb_text][\/et_pb_column][et_pb_column type=\u00a0\u00bb1_4&Prime; _builder_version=\u00a0\u00bb4.27.4&Prime; _module_preset=\u00a0\u00bbdefault\u00a0\u00bb global_colors_info=\u00a0\u00bb{}\u00a0\u00bb][et_pb_text admin_label=\u00a0\u00bbTexte pour images\u00a0\u00bb _builder_version=\u00a0\u00bb4.27.4&Prime; _module_preset=\u00a0\u00bbdefault\u00a0\u00bb global_colors_info=\u00a0\u00bb{}\u00a0\u00bb]<div id=\"attachment_39348\" style=\"width: 235px\" class=\"wp-caption aligncenter\"><img loading=\"lazy\" decoding=\"async\" aria-describedby=\"caption-attachment-39348\" class=\"wp-image-39348 size-medium\" src=\"https:\/\/chouette-gobe.ch\/wp-content\/uploads\/2024\/12\/IMG_3186-225x300.jpg\" alt=\"\" width=\"225\" height=\"300\" \/><p id=\"caption-attachment-39348\" class=\"wp-caption-text\">Int\u00e9gration dans un mur de pierres s\u00e8ches.<\/p><\/div>[\/et_pb_text][\/et_pb_column][\/et_pb_row][et_pb_row column_structure=\u00a0\u00bb1_2,1_2&Prime; _builder_version=\u00a0\u00bb4.27.4&Prime; _module_preset=\u00a0\u00bbdefault\u00a0\u00bb global_colors_info=\u00a0\u00bb{}\u00a0\u00bb][et_pb_column type=\u00a0\u00bb1_2&Prime; _builder_version=\u00a0\u00bb4.27.4&Prime; _module_preset=\u00a0\u00bbdefault\u00a0\u00bb global_colors_info=\u00a0\u00bb{}\u00a0\u00bb][et_pb_text admin_label=\u00a0\u00bbTexte et image\u00a0\u00bb _builder_version=\u00a0\u00bb4.27.4&Prime; _module_preset=\u00a0\u00bbdefault\u00a0\u00bb global_colors_info=\u00a0\u00bb{}\u00a0\u00bb]Le suivi de la population consiste \u00e0 contr\u00f4ler une fois toutes les trois semaines l\u2019entier du r\u00e9seau de nichoirs et de rechercher les indices de reproduction en cavit\u00e9s naturelles.<\/p>\n<p>Les jeunes huppes sont bagu\u00e9es et mesur\u00e9es dans le cadre d\u2019une \u00e9tude effectu\u00e9e en collaboration avec la Station ornithologique suisse de Sempach.<\/p>\n<p><div id=\"attachment_28939\" style=\"width: 430px\" class=\"wp-caption aligncenter\"><img loading=\"lazy\" decoding=\"async\" aria-describedby=\"caption-attachment-28939\" class=\"wp-image-28939 size-medium\" src=\"https:\/\/chouette-gobe.ch\/wp-content\/uploads\/2019\/12\/Nid-HuppesDSC_1829-2-300x199.jpg\" alt=\"\" width=\"400\" height=\"250\" srcset=\"https:\/\/chouette-gobe.ch\/wp-content\/uploads\/2019\/12\/Nid-HuppesDSC_1829-2-400x250.jpg 400w, https:\/\/chouette-gobe.ch\/wp-content\/uploads\/2019\/12\/Nid-HuppesDSC_1829-2-1080x675.jpg 1080w\" sizes=\"(max-width: 400px) 100vw, 400px\" \/><p id=\"caption-attachment-28939\" class=\"wp-caption-text\">Nich\u00e9e de Huppes<\/p><\/div>[\/et_pb_text][\/et_pb_column][et_pb_column type=\u00a0\u00bb1_2&Prime; _builder_version=\u00a0\u00bb4.27.4&Prime; _module_preset=\u00a0\u00bbdefault\u00a0\u00bb global_colors_info=\u00a0\u00bb{}\u00a0\u00bb][et_pb_text admin_label=\u00a0\u00bbImage et Texte\u00a0\u00bb _builder_version=\u00a0\u00bb4.27.4&Prime; _module_preset=\u00a0\u00bbdefault\u00a0\u00bb global_colors_info=\u00a0\u00bb{}\u00a0\u00bb]<div id=\"attachment_39335\" style=\"width: 410px\" class=\"wp-caption aligncenter\"><img loading=\"lazy\" decoding=\"async\" aria-describedby=\"caption-attachment-39335\" class=\"wp-image-39335 size-medium aligncenter\" src=\"https:\/\/chouette-gobe.ch\/wp-content\/uploads\/2024\/12\/copyright_Jean-Lou_Zimmermann-300x150.jpg\" alt=\"\" width=\"400\" height=\"150\" \/><p id=\"caption-attachment-39335\" class=\"wp-caption-text\"><br \/>Couple de Huppe fasci\u00e9e bagu\u00e9e H136839 et H135837.<\/p><\/div><\/p>\n<p>La reprise de bagues des adultes est ensuite r\u00e9alis\u00e9e par photographie, sans recapture des oiseaux, et apporte de pr\u00e9cieux renseignements sur la provenance des oiseaux ou leur \u00e2ge. Seul un photographe agr\u00e9\u00e9 r\u00e9alise ces suivis au moment o\u00f9 l\u2019esp\u00e8ce est la moins sensible aux d\u00e9rangements, en fin de p\u00e9riode de reproduction, et avec d\u2019importantes pr\u00e9cautions (photographe \u00e9quip\u00e9 int\u00e9gralement en habits de camouflage, distance suffisante du nid, appareil envelopp\u00e9 dans une cage silencieuse, etc.).<\/p>\n<p>[\/et_pb_text][\/et_pb_column][\/et_pb_row][et_pb_row _builder_version=\u00a0\u00bb4.27.4&Prime; _module_preset=\u00a0\u00bbdefault\u00a0\u00bb global_colors_info=\u00a0\u00bb{}\u00a0\u00bb][et_pb_column type=\u00a0\u00bb4_4&Prime; _builder_version=\u00a0\u00bb4.27.4&Prime; _module_preset=\u00a0\u00bbdefault\u00a0\u00bb global_colors_info=\u00a0\u00bb{}\u00a0\u00bb][et_pb_text admin_label=\u00a0\u00bbTexte &#8211; Aidez-nous\u00a0\u00bb _builder_version=\u00a0\u00bb4.27.4&Prime; _module_preset=\u00a0\u00bbdefault\u00a0\u00bb custom_padding=\u00a0\u00bb5px|5px|5px|5px|true|true\u00a0\u00bb border_width_all=\u00a0\u00bb2px\u00a0\u00bb border_color_all=\u00a0\u00bb#000000&Prime; global_colors_info=\u00a0\u00bb{}\u00a0\u00bb]<\/p>\n<p><strong>Aidez-nous \u00e0 prot\u00e9ger les huppes\u00a0!<\/strong> Si vous faites de la photographie animali\u00e8re, \u00e9vitez de photographier l\u2019esp\u00e8ce durant la p\u00e9riode de reproduction car il s\u2019agit d\u2019un oiseau tr\u00e8s sensible aux d\u00e9rangements. Une photographie trop pr\u00e8s du nid peut faire abandonner la nich\u00e9e. De plus, si elle est d\u00e9rang\u00e9e durant sa recherche de nourriture, le rythme de nourrissage des jeunes diminue ce qui p\u00e9jore le succ\u00e8s de reproduction. Merci d\u2019avance !<\/p>\n<p>[\/et_pb_text][et_pb_text admin_label=\u00a0\u00bbTexte &#8211; Liens\u00a0\u00bb _builder_version=\u00a0\u00bb4.27.4&Prime; hover_enabled=\u00a0\u00bb0&Prime; z_index_tablet=\u00a0\u00bb500&Prime; text_text_shadow_horizontal_length_tablet=\u00a0\u00bb0px\u00a0\u00bb text_text_shadow_vertical_length_tablet=\u00a0\u00bb0px\u00a0\u00bb text_text_shadow_blur_strength_tablet=\u00a0\u00bb1px\u00a0\u00bb link_text_shadow_horizontal_length_tablet=\u00a0\u00bb0px\u00a0\u00bb link_text_shadow_vertical_length_tablet=\u00a0\u00bb0px\u00a0\u00bb link_text_shadow_blur_strength_tablet=\u00a0\u00bb1px\u00a0\u00bb ul_text_shadow_horizontal_length_tablet=\u00a0\u00bb0px\u00a0\u00bb ul_text_shadow_vertical_length_tablet=\u00a0\u00bb0px\u00a0\u00bb ul_text_shadow_blur_strength_tablet=\u00a0\u00bb1px\u00a0\u00bb ol_text_shadow_horizontal_length_tablet=\u00a0\u00bb0px\u00a0\u00bb ol_text_shadow_vertical_length_tablet=\u00a0\u00bb0px\u00a0\u00bb ol_text_shadow_blur_strength_tablet=\u00a0\u00bb1px\u00a0\u00bb quote_text_shadow_horizontal_length_tablet=\u00a0\u00bb0px\u00a0\u00bb quote_text_shadow_vertical_length_tablet=\u00a0\u00bb0px\u00a0\u00bb quote_text_shadow_blur_strength_tablet=\u00a0\u00bb1px\u00a0\u00bb header_text_shadow_horizontal_length_tablet=\u00a0\u00bb0px\u00a0\u00bb header_text_shadow_vertical_length_tablet=\u00a0\u00bb0px\u00a0\u00bb header_text_shadow_blur_strength_tablet=\u00a0\u00bb1px\u00a0\u00bb header_2_text_shadow_horizontal_length_tablet=\u00a0\u00bb0px\u00a0\u00bb header_2_text_shadow_vertical_length_tablet=\u00a0\u00bb0px\u00a0\u00bb header_2_text_shadow_blur_strength_tablet=\u00a0\u00bb1px\u00a0\u00bb header_3_text_shadow_horizontal_length_tablet=\u00a0\u00bb0px\u00a0\u00bb header_3_text_shadow_vertical_length_tablet=\u00a0\u00bb0px\u00a0\u00bb header_3_text_shadow_blur_strength_tablet=\u00a0\u00bb1px\u00a0\u00bb header_4_text_shadow_horizontal_length_tablet=\u00a0\u00bb0px\u00a0\u00bb header_4_text_shadow_vertical_length_tablet=\u00a0\u00bb0px\u00a0\u00bb header_4_text_shadow_blur_strength_tablet=\u00a0\u00bb1px\u00a0\u00bb header_5_text_shadow_horizontal_length_tablet=\u00a0\u00bb0px\u00a0\u00bb header_5_text_shadow_vertical_length_tablet=\u00a0\u00bb0px\u00a0\u00bb header_5_text_shadow_blur_strength_tablet=\u00a0\u00bb1px\u00a0\u00bb header_6_text_shadow_horizontal_length_tablet=\u00a0\u00bb0px\u00a0\u00bb header_6_text_shadow_vertical_length_tablet=\u00a0\u00bb0px\u00a0\u00bb header_6_text_shadow_blur_strength_tablet=\u00a0\u00bb1px\u00a0\u00bb box_shadow_horizontal_tablet=\u00a0\u00bb0px\u00a0\u00bb box_shadow_vertical_tablet=\u00a0\u00bb0px\u00a0\u00bb box_shadow_blur_tablet=\u00a0\u00bb40px\u00a0\u00bb box_shadow_spread_tablet=\u00a0\u00bb0px\u00a0\u00bb global_colors_info=\u00a0\u00bb{}\u00a0\u00bb sticky_enabled=\u00a0\u00bb0&Prime;]<\/p>\n<h4><span lang=\"FR-CH\">TRAVAUX PUBLI\u00c9S<\/span><\/h4>\n<p>Pour acc\u00e9der aux\u00a0<a href=\"\/?page_id=202\/#huppe202\">rapports d&rsquo;activit\u00e9s<\/a><\/p>\n<p><a href=\"\/wp-content\/uploads\/2020\/01\/Longchamp_et_al_2019-1.pdf\">Longchamp L., Daenzer C., Klein M., Ravussin P.-A. (2019)\u00a0: Douze ans de suivi et de protection de la Huppe fasci\u00e9e <em>Upupa epops<\/em> dans le Nord vaudois. Nos Oiseaux, 62\/2, juin 2019, N\u00b0536.<\/a><img loading=\"lazy\" decoding=\"async\" class=\"wp-image-214 size-full alignnone\" src=\"https:\/\/chouette-gobe.ch\/wp-content\/uploads\/2017\/08\/pdf.gif\" alt=\"\" width=\"26\" height=\"27\" \/><\/p>\n<p>&nbsp;<\/p>\n<h4>Avec le soutien de<\/h4>\n<p><img loading=\"lazy\" decoding=\"async\" class=\"alignleft wp-image-639 size-medium\" src=\"https:\/\/chouette-gobe.ch\/wp-content\/uploads\/2017\/08\/Nature_Decouverte_logo300x142-300x142.jpg\" alt=\"\" width=\"300\" height=\"142\" \/><\/p>\n<p>[\/et_pb_text][\/et_pb_column][\/et_pb_row][\/et_pb_section]<\/p>\n","protected":false},"excerpt":{"rendered":"<p>La Huppe fasci\u00e9e Upupa epops &nbsp;Depuis 2007, la Huppe fasci\u00e9e fait l\u2019objet d\u2019un programme de conservation lanc\u00e9 par le GOBE, ainsi que d\u2019un suivi d\u00e9taill\u00e9 dans les vignobles du Nord vaudois. Disparue de la r\u00e9gion d\u00e8s le milieu du XX\u00e8me si\u00e8cle, l\u2019esp\u00e8ce est revenue naturellement nicher en 2008 avec une premi\u00e8re tentative de nidification, h\u00e9las [&hellip;]<\/p>\n","protected":false},"author":1,"featured_media":0,"parent":0,"menu_order":0,"comment_status":"closed","ping_status":"closed","template":"","meta":{"_et_pb_use_builder":"on","_et_pb_old_content":"<p><img class=\"wp-image-629 size-large aligncenter\" src=\"http:\/\/gobe.rompat.ch\/wp-content\/uploads\/2017\/08\/DSC_4889-680x1024.jpg\" alt=\"\" width=\"680\" height=\"1024\">La huppe fasci\u00e9e \u00e9tait, jusque dans les ann\u00e9es 1960, un oiseau abondant dans nos campagnes o\u00f9 elle vivait dans bon nombre de vergers de de vignobles. Malheureusement, par la suite, elle a totalement disparu de la r\u00e9gion, suite \u00e0 l\u2019arriv\u00e9e des produits phytosanitaires dans l\u2019agricultures et en raison de l\u2019abattage de nombreuses haies et vergers. Depuis lors, il y eut que deux nidifications isol\u00e9es prouv\u00e9es, la premi\u00e8re \u00e0 Baulmes aux alentours de 1980 et en 1995 dans la r\u00e9gion de Concise.<\/p><p>En 2007, un m\u00e2le chanta durant quelques jours dans la r\u00e9gion, incitant l\u2019\u00e9quipe du GOBE a mettre en place une action pour favoriser le retour de cet oiseau.<\/p><p>Avec l\u2019aide du Cercle Ornithologique d\u2019Yverdon (COSNY), 15 nichoirs ont \u00e9t\u00e9 construits puis pos\u00e9s dans les vignobles de la r\u00e9gion de Grandson durant l\u2019hiver 2007-2008. Apr\u00e8s cela, 50 nichoirs suppl\u00e9mentaires, financ\u00e9s g\u00e9n\u00e9reusement par la Fondation Nature & D\u00e9couvertes, ont \u00e9t\u00e9 pos\u00e9s dans les vignobles entre Orbe et Concise, afin d\u2019offrir un r\u00e9seau continu de nichoirs dans cette r\u00e9gion.<\/p><p><img class=\"wp-image-631 size-large aligncenter\" src=\"http:\/\/gobe.rompat.ch\/wp-content\/uploads\/2017\/08\/DSC_1829-1024x680.jpg\" alt=\"\" width=\"1024\" height=\"680\">En 2011, une premi\u00e8re nich\u00e9e en cavit\u00e9 naturelle fut d\u00e9couverte, la premi\u00e8re nich\u00e9e r\u00e9ussie depuis le d\u00e9but du projet\u00a0! 4 jeunes ont pu atteindre l\u2019envol. Le succ\u00e8s des nichoirs ne s\u2019est pas fait attendre non plus\u00a0: en 2012 on nota une premi\u00e8re nich\u00e9e dans un nichoir du GOBE. Par la suite, la huppe a nich\u00e9 r\u00e9guli\u00e8rement dans la r\u00e9gion, avec des effectifs allant de 2 \u00e0 8 nich\u00e9es certaines.<\/p><p>Un gros effort de pose de nichoirs et de suivi est aujourd\u2019hui r\u00e9alis\u00e9 dans le Nord vaudois et\u00a0 le GOBE organise r\u00e9guli\u00e8rement des actions pour am\u00e9liorer l\u2019habitat de la huppe. Des vergers haute-tige, des saules t\u00eatards et une haie ont d\u2019ores et d\u00e9j\u00e0 \u00e9t\u00e9 plant\u00e9s dans le cadre du projet de conservation de la huppe.<\/p><p>La situation de cet oiseau est donc tr\u00e8s r\u00e9jouissante dans cette r\u00e9gion. D\u2019esp\u00e8ce disparue, elle est d\u00e9sormais consid\u00e9r\u00e9e comme nicheuse r\u00e9guli\u00e8re et les effectifs sont en constante augmentation.<\/p><h4><span lang=\"FR-CH\">TRAVAUX PUBLI\u00c9S<\/span><\/h4><p>Pour acc\u00e9der aux\u00a0<a href=\"http:\/\/gobe.rompat.ch\/?page_id=202\/#huppe\">travaux publi\u00e9s<\/a><\/p><p>Avec le soutien de:<br><img class=\"alignnone size-medium wp-image-639\" src=\"http:\/\/gobe.rompat.ch\/wp-content\/uploads\/2017\/08\/Nature_Decouverte_logo300x142-300x142.jpg\" alt=\"\" width=\"300\" height=\"142\"><\/p>","_et_gb_content_width":"","footnotes":""},"class_list":["post-347","page","type-page","status-publish","hentry"],"_links":{"self":[{"href":"https:\/\/chouette-gobe.ch\/index.php?rest_route=\/wp\/v2\/pages\/347","targetHints":{"allow":["GET"]}}],"collection":[{"href":"https:\/\/chouette-gobe.ch\/index.php?rest_route=\/wp\/v2\/pages"}],"about":[{"href":"https:\/\/chouette-gobe.ch\/index.php?rest_route=\/wp\/v2\/types\/page"}],"author":[{"embeddable":true,"href":"https:\/\/chouette-gobe.ch\/index.php?rest_route=\/wp\/v2\/users\/1"}],"replies":[{"embeddable":true,"href":"https:\/\/chouette-gobe.ch\/index.php?rest_route=%2Fwp%2Fv2%2Fcomments&post=347"}],"version-history":[{"count":68,"href":"https:\/\/chouette-gobe.ch\/index.php?rest_route=\/wp\/v2\/pages\/347\/revisions"}],"predecessor-version":[{"id":39434,"href":"https:\/\/chouette-gobe.ch\/index.php?rest_route=\/wp\/v2\/pages\/347\/revisions\/39434"}],"wp:attachment":[{"href":"https:\/\/chouette-gobe.ch\/index.php?rest_route=%2Fwp%2Fv2%2Fmedia&parent=347"}],"curies":[{"name":"wp","href":"https:\/\/api.w.org\/{rel}","templated":true}]}}