
{"id":194,"date":"2017-08-03T14:10:10","date_gmt":"2017-08-03T12:10:10","guid":{"rendered":"http:\/\/gobe.rompat.ch\/?page_id=194"},"modified":"2024-11-17T15:16:58","modified_gmt":"2024-11-17T14:16:58","slug":"le-torcol-fourmilier-jynx-torquilia","status":"publish","type":"page","link":"https:\/\/chouette-gobe.ch\/?page_id=194","title":{"rendered":"Le Torcol fourmilier &#8211; 194"},"content":{"rendered":"<p>[et_pb_section fb_built=\u00a0\u00bb1&Prime; _builder_version=\u00a0\u00bb4.16&Prime; global_colors_info=\u00a0\u00bb{}\u00a0\u00bb][et_pb_row _builder_version=\u00a0\u00bb4.16&Prime; background_size=\u00a0\u00bbinitial\u00a0\u00bb background_position=\u00a0\u00bbtop_left\u00a0\u00bb background_repeat=\u00a0\u00bbrepeat\u00a0\u00bb global_colors_info=\u00a0\u00bb{}\u00a0\u00bb][et_pb_column type=\u00a0\u00bb4_4&Prime; _builder_version=\u00a0\u00bb4.16&Prime; custom_padding=\u00a0\u00bb|||\u00a0\u00bb global_colors_info=\u00a0\u00bb{}\u00a0\u00bb custom_padding__hover=\u00a0\u00bb|||\u00a0\u00bb][et_pb_text _builder_version=\u00a0\u00bb4.27.3&Prime; z_index_tablet=\u00a0\u00bb500&Prime; text_text_shadow_horizontal_length_tablet=\u00a0\u00bb0px\u00a0\u00bb text_text_shadow_vertical_length_tablet=\u00a0\u00bb0px\u00a0\u00bb text_text_shadow_blur_strength_tablet=\u00a0\u00bb1px\u00a0\u00bb link_text_shadow_horizontal_length_tablet=\u00a0\u00bb0px\u00a0\u00bb link_text_shadow_vertical_length_tablet=\u00a0\u00bb0px\u00a0\u00bb link_text_shadow_blur_strength_tablet=\u00a0\u00bb1px\u00a0\u00bb ul_text_shadow_horizontal_length_tablet=\u00a0\u00bb0px\u00a0\u00bb ul_text_shadow_vertical_length_tablet=\u00a0\u00bb0px\u00a0\u00bb ul_text_shadow_blur_strength_tablet=\u00a0\u00bb1px\u00a0\u00bb ol_text_shadow_horizontal_length_tablet=\u00a0\u00bb0px\u00a0\u00bb ol_text_shadow_vertical_length_tablet=\u00a0\u00bb0px\u00a0\u00bb ol_text_shadow_blur_strength_tablet=\u00a0\u00bb1px\u00a0\u00bb quote_text_shadow_horizontal_length_tablet=\u00a0\u00bb0px\u00a0\u00bb quote_text_shadow_vertical_length_tablet=\u00a0\u00bb0px\u00a0\u00bb quote_text_shadow_blur_strength_tablet=\u00a0\u00bb1px\u00a0\u00bb header_text_shadow_horizontal_length_tablet=\u00a0\u00bb0px\u00a0\u00bb header_text_shadow_vertical_length_tablet=\u00a0\u00bb0px\u00a0\u00bb header_text_shadow_blur_strength_tablet=\u00a0\u00bb1px\u00a0\u00bb header_2_text_shadow_horizontal_length_tablet=\u00a0\u00bb0px\u00a0\u00bb header_2_text_shadow_vertical_length_tablet=\u00a0\u00bb0px\u00a0\u00bb header_2_text_shadow_blur_strength_tablet=\u00a0\u00bb1px\u00a0\u00bb header_3_text_shadow_horizontal_length_tablet=\u00a0\u00bb0px\u00a0\u00bb header_3_text_shadow_vertical_length_tablet=\u00a0\u00bb0px\u00a0\u00bb header_3_text_shadow_blur_strength_tablet=\u00a0\u00bb1px\u00a0\u00bb header_4_text_shadow_horizontal_length_tablet=\u00a0\u00bb0px\u00a0\u00bb header_4_text_shadow_vertical_length_tablet=\u00a0\u00bb0px\u00a0\u00bb header_4_text_shadow_blur_strength_tablet=\u00a0\u00bb1px\u00a0\u00bb header_5_text_shadow_horizontal_length_tablet=\u00a0\u00bb0px\u00a0\u00bb header_5_text_shadow_vertical_length_tablet=\u00a0\u00bb0px\u00a0\u00bb header_5_text_shadow_blur_strength_tablet=\u00a0\u00bb1px\u00a0\u00bb header_6_text_shadow_horizontal_length_tablet=\u00a0\u00bb0px\u00a0\u00bb header_6_text_shadow_vertical_length_tablet=\u00a0\u00bb0px\u00a0\u00bb header_6_text_shadow_blur_strength_tablet=\u00a0\u00bb1px\u00a0\u00bb box_shadow_horizontal_tablet=\u00a0\u00bb0px\u00a0\u00bb box_shadow_vertical_tablet=\u00a0\u00bb0px\u00a0\u00bb box_shadow_blur_tablet=\u00a0\u00bb40px\u00a0\u00bb box_shadow_spread_tablet=\u00a0\u00bb0px\u00a0\u00bb global_colors_info=\u00a0\u00bb{}\u00a0\u00bb]<\/p>\n<h2>Le Torcol fourmilier<\/h2>\n<p><em>Jynx torquilia <\/em><\/p>\n<div id=\"attachment_485\" style=\"width: 610px\" class=\"wp-caption alignright\"><img loading=\"lazy\" decoding=\"async\" aria-describedby=\"caption-attachment-485\" class=\"size-full wp-image-485\" src=\"https:\/\/chouette-gobe.ch\/wp-content\/uploads\/2017\/08\/Jt_branche1-1.jpg\" alt=\"\" width=\"600\" height=\"398\" srcset=\"https:\/\/chouette-gobe.ch\/wp-content\/uploads\/2017\/08\/Jt_branche1-1.jpg 600w, https:\/\/chouette-gobe.ch\/wp-content\/uploads\/2017\/08\/Jt_branche1-1-300x199.jpg 300w\" sizes=\"(max-width: 600px) 100vw, 600px\" \/><p id=\"caption-attachment-485\" class=\"wp-caption-text\">De loin et au vol, le Torcol rappelle plus un moineau qu\u2019un pic, mais de pr\u00e8s, la beaut\u00e9 du plumage appara\u00eet dans tout son \u00e9clat.<\/p><\/div>\n<div class=\"photo1\">\n<p class=\"legende\">Bien qu\u2019il soit class\u00e9 dans la famille des picid\u00e9s, le Torcol se diff\u00e9rencie de nos pics par de nombreux traits de caract\u00e8res. D\u2019abord il est le seul de cette famille \u00e0 \u00eatre franchement migrateur. Il apparaissant dans nos contr\u00e9es dans le courant du mois d\u2019avril et dispara\u00eet en septembre pour rejoindre ses quartiers d\u2019hiver africains. Son allure et son comportement sont \u00e9galement bien diff\u00e9rents de ceux des Pics. Son plumage, qui de loin para\u00eet terne, se r\u00e9v\u00e8le de pr\u00e8s comme un v\u00e9ritable joyau de marqueterie, qui rappelle celui de l\u2019engoulevent ou de certains rapaces nocturnes. Ensuite il ne poss\u00e8de pas \u00e0 la queue les rectrices durcies des pics ce qui l\u2019emp\u00eache de grimper le long des troncs \u00e0 leur mani\u00e8re.<\/p>\n<\/div>\n<p>Bien qu\u2019il n\u2019ait probablement jamais \u00e9t\u00e9 tr\u00e8s abondant dans le nord du canton de Vaud, sa r\u00e9partition \u00e9tait malgr\u00e9 tout beaucoup plus g\u00e9n\u00e9rale qu\u2019actuellement. Mais durant toute la deuxi\u00e8me moiti\u00e9 du XXe si\u00e8cle, il n\u2019a cess\u00e9 de r\u00e9gresser. La disparition des vieux vergers, indispensables \u00e0 sa nidification \u2013 c\u2019est un cavernicole qui niche dans les vieux arbres trou\u00e9s \u2013 la modification des pratiques agricoles \u2013 qui ont fait dispara\u00eetre ses proies, tant par l\u2019engraissement des prairies maigres que par l\u2019usage g\u00e9n\u00e9ralis\u00e9 d\u2019insecticides \u2013 ont eu raison de la plupart des populations du canton.<\/p>\n<div class=\"photo2\"><div id=\"attachment_419\" style=\"width: 510px\" class=\"wp-caption alignleft\"><img loading=\"lazy\" decoding=\"async\" aria-describedby=\"caption-attachment-419\" class=\"size-full wp-image-419\" src=\"https:\/\/chouette-gobe.ch\/wp-content\/uploads\/2017\/08\/Jt_juv1.jpg\" alt=\"\" width=\"600\" height=\"398\" srcset=\"https:\/\/chouette-gobe.ch\/wp-content\/uploads\/2017\/08\/Jt_juv1.jpg 600w, https:\/\/chouette-gobe.ch\/wp-content\/uploads\/2017\/08\/Jt_juv1-300x199.jpg 300w\" sizes=\"(max-width: 600px) 100vw, 600px\" \/><p id=\"caption-attachment-419\" class=\"wp-caption-text\">Le Torcol doit son nom a son habitude de tourner le cou en h\u00e9rissant ses plumes\u00a0lorsqu\u2019il se sent menac\u00e9. Ce comportement \u00e9tait d\u00e9j\u00e0 visible chez des jeunes \u00e2g\u00e9s de 11 jours.<\/p><\/div><\/p>\n<p class=\"legende\">Actuellement, quelques couples nichent encore dans la r\u00e9gion d\u2019Onnens VD. Ils exploitent quelques rares lambeaux de vieux vergers et chantent r\u00e9guli\u00e8rement \u00e0 la Chassagne, une vaste colline s\u00e9charde pr\u00e9sentant de nombreux attraits. Afin de les favoriser, d\u00e8s 2004, Jacques Roch a construit une s\u00e9rie nichoirs destin\u00e9s prioritairement \u00e0 cette esp\u00e8ce et plac\u00e9s dans ces secteurs favorables. Une premi\u00e8re nich\u00e9e a pu \u00eatre men\u00e9e \u00e0 bien en 2005. Fort de ce succ\u00e8s initial, le nombre de nichoirs a pu \u00eatre augment\u00e9. Il y en avait 18 au printemps 2007, dont 2 ont abrit\u00e9 des pontes. De plus, l\u2019esp\u00e8ce a encore \u00e9t\u00e9 trouv\u00e9e nicheuse dans un vieux verger par Daniel Arrigo. L\u2019esp\u00e8ce est donc bien pr\u00e9sente en tant que nicheuse et, sans verser dans un optimisme exag\u00e9r\u00e9, des mesures telles que l\u2019installation de nichoirs et le maintien de prairies extensives devraient permettre de la maintenir, voire de permettre sa r\u00e9installation dans les environs.<\/p>\n<\/div>\n<p>[\/et_pb_text][\/et_pb_column][\/et_pb_row][et_pb_row column_structure=\u00a0\u00bb2_5,3_5&Prime; _builder_version=\u00a0\u00bb4.17.4&Prime; _module_preset=\u00a0\u00bbdefault\u00a0\u00bb global_colors_info=\u00a0\u00bb{}\u00a0\u00bb][et_pb_column type=\u00a0\u00bb2_5&Prime; _builder_version=\u00a0\u00bb4.17.4&Prime; _module_preset=\u00a0\u00bbdefault\u00a0\u00bb global_colors_info=\u00a0\u00bb{}\u00a0\u00bb][et_pb_text admin_label=\u00a0\u00bbTexte + image J. Roch et torcol 4&Prime; _builder_version=\u00a0\u00bb4.17.4&Prime; _module_preset=\u00a0\u00bbdefault\u00a0\u00bb global_colors_info=\u00a0\u00bb{}\u00a0\u00bb]<div id=\"attachment_485\" style=\"width: 610px\" class=\"wp-caption aligncenter\"><img decoding=\"async\" aria-describedby=\"caption-attachment-485\" class=\"size-full wp-image-485\" src=\"\/wp-content\/uploads\/2022\/06\/Torcol-4-scaled.jpg\" alt=\"\" width=\"600\"><p id=\"caption-attachment-485\" class=\"wp-caption-text\">Jeune torcol lors du baguage.<\/p><\/div><div id=\"attachment_421\" style=\"width: 610px\" class=\"wp-caption aligncenter\"><img decoding=\"async\" aria-describedby=\"caption-attachment-421\" class=\"size-full wp-image-421\" src=\"https:\/\/chouette-gobe.ch\/wp-content\/uploads\/2017\/08\/Jt_on_the_rock.jpg\" alt=\"\" width=\"600\" srcset=\"https:\/\/chouette-gobe.ch\/wp-content\/uploads\/2017\/08\/Jt_on_the_rock.jpg 400w, https:\/\/chouette-gobe.ch\/wp-content\/uploads\/2017\/08\/Jt_on_the_rock-300x200.jpg 300w\" sizes=\"(max-width: 400px) 100vw, 400px\" \/><p id=\"caption-attachment-421\" class=\"wp-caption-text\">Jacques Roch lors du baguage d&rsquo;une femelle .<\/p><\/div>[\/et_pb_text][\/et_pb_column][et_pb_column type=\u00a0\u00bb3_5&Prime; _builder_version=\u00a0\u00bb4.17.4&Prime; _module_preset=\u00a0\u00bbdefault\u00a0\u00bb global_colors_info=\u00a0\u00bb{}\u00a0\u00bb][et_pb_text admin_label=\u00a0\u00bbTexte + image torcol 2&Prime; _builder_version=\u00a0\u00bb4.17.4&Prime; _module_preset=\u00a0\u00bbdefault\u00a0\u00bb global_colors_info=\u00a0\u00bb{}\u00a0\u00bb]<div id=\"attachment_485\" style=\"width: 890px\" class=\"wp-caption aligncenter\"><img loading=\"lazy\" decoding=\"async\" aria-describedby=\"caption-attachment-485\" class=\"size-full wp-image-485\" src=\"\/wp-content\/uploads\/2022\/06\/Torcol-3-1-scaled.jpg\" alt=\"\" data-wp-editing=\"1\" width=\"880\" height=\"660\"><p id=\"caption-attachment-485\" class=\"wp-caption-text\">Torcol adulte. Au printemps, le m\u00e2le et la femelle chantent avant de s&rsquo;installer au nid.<\/p><\/div>[\/et_pb_text][et_pb_text admin_label=\u00a0\u00bbTexte + image torcol 3&Prime; _builder_version=\u00a0\u00bb4.17.4&Prime; _module_preset=\u00a0\u00bbdefault\u00a0\u00bb global_colors_info=\u00a0\u00bb{}\u00a0\u00bb]<div id=\"attachment_485\" style=\"width: 810px\" class=\"wp-caption aligncenter\"><img loading=\"lazy\" decoding=\"async\" aria-describedby=\"caption-attachment-485\" class=\"size-full wp-image-485\" src=\"\/wp-content\/uploads\/2022\/06\/Torcol-2-scaled.jpg\" alt=\"\" data-wp-editing=\"1\" width=\"800\" height=\"600\"><p id=\"caption-attachment-485\" class=\"wp-caption-text\">Torcol adulte camoufl\u00e9 dans les branchages.<\/p><\/div>[\/et_pb_text][\/et_pb_column][\/et_pb_row][et_pb_row _builder_version=\u00a0\u00bb4.17.4&Prime; _module_preset=\u00a0\u00bbdefault\u00a0\u00bb global_colors_info=\u00a0\u00bb{}\u00a0\u00bb][et_pb_column type=\u00a0\u00bb4_4&Prime; _builder_version=\u00a0\u00bb4.17.4&Prime; _module_preset=\u00a0\u00bbdefault\u00a0\u00bb global_colors_info=\u00a0\u00bb{}\u00a0\u00bb][et_pb_text admin_label=\u00a0\u00bbTexte + image torcol adulte\u00a0\u00bb _builder_version=\u00a0\u00bb4.27.3&Prime; _module_preset=\u00a0\u00bbdefault\u00a0\u00bb hover_enabled=\u00a0\u00bb0&Prime; global_colors_info=\u00a0\u00bb{}\u00a0\u00bb sticky_enabled=\u00a0\u00bb0&Prime;]<div id=\"attachment_485\" style=\"width: 1210px\" class=\"wp-caption aligncenter\"><img loading=\"lazy\" decoding=\"async\" aria-describedby=\"caption-attachment-485\" class=\"size-full wp-image-485\" src=\"\/wp-content\/uploads\/2022\/06\/Torcol-fourmilier.jpg\" alt=\"\" width=\"1200\" height=\"800\" data-wp-editing=\"1\" \/><p id=\"caption-attachment-485\" class=\"wp-caption-text\">Torcol adulte. Admirez les d\u00e9tails de son magnifique plumage.<\/p><\/div><\/p>\n<h4>Travaux publi\u00e9s<\/h4>\n<p>Pour acc\u00e9der aux\u00a0<a href=\"https:\/\/chouette-gobe.ch\/?page_id=202\/#torcol202\">travaux publi\u00e9s<\/a><\/p>\n<p>[\/et_pb_text][\/et_pb_column][\/et_pb_row][\/et_pb_section]<\/p>\n","protected":false},"excerpt":{"rendered":"<p>Le Torcol fourmilier Jynx torquilia Bien qu\u2019il soit class\u00e9 dans la famille des picid\u00e9s, le Torcol se diff\u00e9rencie de nos pics par de nombreux traits de caract\u00e8res. D\u2019abord il est le seul de cette famille \u00e0 \u00eatre franchement migrateur. Il apparaissant dans nos contr\u00e9es dans le courant du mois d\u2019avril et dispara\u00eet en septembre pour [&hellip;]<\/p>\n","protected":false},"author":1,"featured_media":0,"parent":0,"menu_order":0,"comment_status":"closed","ping_status":"closed","template":"","meta":{"_et_pb_use_builder":"on","_et_pb_old_content":"<div class=\"photo1\">[caption id=\"\" align=\"alignright\" width=\"400\"]<img src=\"http:\/\/www.chouette-gobe.ch\/images\/Jt_portrait.jpg\" alt=\"De loin et au vol, le Torcol rappelle plus un moineau qu\u2019un pic,\u00a0 mais de pr\u00e8s, la beaut\u00e9 du plumage appara\u00eet dans tout son \u00e9clat.\" width=\"400\" height=\"266\"> De loin et au vol, le Torcol rappelle plus un moineau qu\u2019un pic,\u00a0mais de pr\u00e8s, la beaut\u00e9 du plumage appara\u00eet dans tout son \u00e9clat.[\/caption]<p class=\"legende\">Bien qu\u2019il soit class\u00e9 dans la famille des picid\u00e9s, le Torcol se diff\u00e9rencie de nos pics par de nombreux traits de caract\u00e8res. D\u2019abord il est le seul de cette famille \u00e0 \u00eatre franchement migrateur. Il apparaissant dans nos contr\u00e9es dans le courant du mois d\u2019avril et dispara\u00eet en septembre pour rejoindre ses quartiers d\u2019hiver africains. Son allure et son comportement sont \u00e9galement bien diff\u00e9rents de ceux des Pics. Son plumage, qui de loin para\u00eet terne, se r\u00e9v\u00e8le de pr\u00e8s comme un v\u00e9ritable joyau de marqueterie, qui rappelle celui de l\u2019engoulevent ou de certains rapaces nocturnes. Ensuite il ne poss\u00e8de pas \u00e0 la queue les rectrices durcies des pics ce qui l\u2019emp\u00eache de grimper le long des troncs \u00e0 leur mani\u00e8re.<\/p><\/div><p>Bien qu\u2019il n\u2019ait probablement jamais \u00e9t\u00e9 tr\u00e8s abondant dans le nord du canton de Vaud, sa r\u00e9partition \u00e9tait malgr\u00e9 tout beaucoup plus g\u00e9n\u00e9rale qu\u2019actuellement. Mais durant toute la deuxi\u00e8me moiti\u00e9 du XXe si\u00e8cle, il n\u2019a cess\u00e9 de r\u00e9gresser. La disparition des vieux vergers, indispensables \u00e0 sa nidification \u2013 c\u2019est un cavernicole qui niche dans les vieux arbres trou\u00e9s \u2013 la modification des pratiques agricoles \u2013 qui ont fait dispara\u00eetre ses proies, tant par l\u2019engraissement des prairies maigres que par l\u2019usage g\u00e9n\u00e9ralis\u00e9 d\u2019insecticides \u2013 ont eu raison de la plupart des populations du canton.<\/p><div class=\"photo2\">[caption id=\"\" align=\"alignleft\" width=\"400\"]<img src=\"http:\/\/www.chouette-gobe.ch\/images\/Jt_jeune_portrait.jpg\" alt=\"Le Torcol doit son nom a son habitude de tourner le cou en h\u00e9rissant ses plumes\u00a0 lorsqu\u2019il se sent menac\u00e9. Ce comportement \u00e9tait d\u00e9j\u00e0 visible chez des jeunes\u00a0 \u00e2g\u00e9s de 11 jours.\" width=\"400\" height=\"266\"> Le Torcol doit son nom a son habitude de tourner le cou en h\u00e9rissant ses plumes\u00a0lorsqu\u2019il se sent menac\u00e9. Ce comportement \u00e9tait d\u00e9j\u00e0 visible chez des jeunes\u00a0\u00e2g\u00e9s de 11 jours.[\/caption]<p class=\"legende\">Actuellement, quelques couples nichent encore dans la r\u00e9gion d\u2019Onnens VD. Ils exploitent quelques rares lambeaux de vieux vergers et chantent r\u00e9guli\u00e8rement \u00e0 la Chassagne, une vaste colline s\u00e9charde pr\u00e9sentant de nombreux attraits. Afin de les favoriser, d\u00e8s 2004, Jacques Roch a construit une s\u00e9rie nichoirs destin\u00e9s prioritairement \u00e0 cette esp\u00e8ce et plac\u00e9s dans ces secteurs favorables. Une premi\u00e8re nich\u00e9e a pu \u00eatre men\u00e9e \u00e0 bien en 2005. Fort de ce succ\u00e8s initial, le nombre de nichoirs a pu \u00eatre augment\u00e9. Il y en avait 18 au printemps 2007, dont 2 ont abrit\u00e9 des pontes. De plus, l\u2019esp\u00e8ce a encore \u00e9t\u00e9 trouv\u00e9e nicheuse dans un vieux verger par Daniel Arrigo. L\u2019esp\u00e8ce est donc bien pr\u00e9sente en tant que nicheuse et, sans verser dans un optimisme exag\u00e9r\u00e9, des mesures telles que l\u2019installation de nichoirs et le maintien de prairies extensives devraient permettre de la maintenir, voire de permettre sa r\u00e9installation dans les environs.<\/p><\/div><div class=\"photo1\">[caption id=\"\" align=\"aligncenter\" width=\"400\"]<img src=\"http:\/\/www.chouette-gobe.ch\/images\/Jt_on_the_rock.jpg\" alt=\"Jacques Roch lors du baguage de la femelle du nichoir MT11 \u00e0 Onnens\" width=\"400\" height=\"266\"> Jacques Roch lors du baguage de la femelle du nichoir MT11 \u00e0 Onnens[\/caption]<p class=\"legende\">\u00a0<\/p><\/div>","_et_gb_content_width":"","footnotes":""},"class_list":["post-194","page","type-page","status-publish","hentry"],"_links":{"self":[{"href":"https:\/\/chouette-gobe.ch\/index.php?rest_route=\/wp\/v2\/pages\/194","targetHints":{"allow":["GET"]}}],"collection":[{"href":"https:\/\/chouette-gobe.ch\/index.php?rest_route=\/wp\/v2\/pages"}],"about":[{"href":"https:\/\/chouette-gobe.ch\/index.php?rest_route=\/wp\/v2\/types\/page"}],"author":[{"embeddable":true,"href":"https:\/\/chouette-gobe.ch\/index.php?rest_route=\/wp\/v2\/users\/1"}],"replies":[{"embeddable":true,"href":"https:\/\/chouette-gobe.ch\/index.php?rest_route=%2Fwp%2Fv2%2Fcomments&post=194"}],"version-history":[{"count":21,"href":"https:\/\/chouette-gobe.ch\/index.php?rest_route=\/wp\/v2\/pages\/194\/revisions"}],"predecessor-version":[{"id":38870,"href":"https:\/\/chouette-gobe.ch\/index.php?rest_route=\/wp\/v2\/pages\/194\/revisions\/38870"}],"wp:attachment":[{"href":"https:\/\/chouette-gobe.ch\/index.php?rest_route=%2Fwp%2Fv2%2Fmedia&parent=194"}],"curies":[{"name":"wp","href":"https:\/\/api.w.org\/{rel}","templated":true}]}}